 137501?
7
What is the thousands digit of 1017?
1
What is the units digit of 1636?
6
What is the tens digit of 44342?
4
What is the units digit of 1292?
2
What is the tens digit of 63624?
2
What is the units digit of 18508?
8
What is the thousands digit of 36261?
6
What is the units digit of 4612?
2
What is the tens digit of 168?
6
What is the hundreds digit of 643?
6
What is the hundreds digit of 19852?
8
What is the tens digit of 17269?
6
What is the hundreds digit of 446?
4
What is the hundreds digit of 7217?
2
What is the tens digit of 757?
5
What is the thousands digit of 1560?
1
What is the units digit of 1559?
9
What is the hundreds digit of 380?
3
What is the hundreds digit of 3371?
3
What is the units digit of 2155?
5
What is the units digit of 4731?
1
What is the units digit of 20176?
6
What is the thousands digit of 13914?
3
What is the hundreds digit of 7425?
4
What is the units digit of 1610?
0
What is the hundreds digit of 5132?
1
What is the units digit of 4226?
6
What is the units digit of 28?
8
What is the hundreds digit of 1193?
1
What is the hundreds digit of 1081?
0
What is the thousands digit of 1080?
1
What is the units digit of 42681?
1
What is the units digit of 135417?
7
What is the ten thousands digit of 16838?
1
What is the hundreds digit of 889?
8
What is the tens digit of 18212?
1
What is the thousands digit of 39362?
9
What is the units digit of 1646?
6
What is the thousands digit of 15798?
5
What is the thousands digit of 18005?
8
What is the thousands digit of 49529?
9
What is the hundreds digit of 68389?
3
What is the hundreds digit of 31884?
8
What is the hundreds digit of 31155?
1
What is the units digit of 5934?
4
What is the units digit of 201?
1
What is the tens digit of 30857?
5
What is the hundreds digit of 301?
3
What is the hundreds digit of 627?
6
What is the tens digit of 5370?
7
What is the tens digit of 11245?
4
What is the units digit of 130?
0
What is the tens digit of 4997?
9
What is the thousands digit of 15874?
5
What is the units digit of 35582?
2
What is the thousands digit of 3353?
3
What is the ten thousands digit of 20320?
2
What is the units digit of 18?
8
What is the hundreds digit of 1291?
2
What is the thousands digit of 2241?
2
What is the thousands digit of 50177?
0
What is the thousands digit of 5553?
5
What is the hundreds digit of 944?
9
What is the thousands digit of 1081?
1
What is the hundreds digit of 2858?
8
What is the tens digit of 9854?
5
What is the tens digit of 1205?
0
What is the thousands digit of 7965?
7
What is the hundreds digit of 7996?
9
What is the thousands digit of 134618?
4
What is the ten thousands digit of 42887?
4
What is the hundreds digit of 319?
3
What is the hundreds digit of 804?
8
What is the units digit of 3703?
3
What is the hundreds digit of 20337?
3
What is the tens digit of 785?
8
What is the tens digit of 2017?
1
What is the units digit of 129?
9
What is the thousands digit of 2237?
2
What is the ten thousands digit of 37896?
3
What is the units digit of 10202?
2
What is the units digit of 3360?
0
What is the tens digit of 1805?
0
What is the ten thousands digit of 101572?
0
What is the tens digit of 707?
0
What is the hundreds digit of 9039?
0
What is the units digit of 61175?
5
What is the thousands digit of 3640?
3
What is the tens digit of 10572?
7
What is the hundreds digit of 659?
6
What is the tens digit of 14180?
8
What is the hundreds digit of 15812?
8
What is the tens digit of 1220?
2
What is the units digit of 22173?
3
What is the units digit of 2021?
1
What is the units digit of 89891?
1
What is the units digit of 2573?
3
What is the ten thousands digit of 11741?
1
What is the tens digit of 7708?
0
What is the hundreds digit of 4956?
9
What is the ten thousands digit of 39069?
3
What is the units digit of 59175?
5
What is the tens digit of 896?
9
What is the thousands digit of 5094?
5
What is the units digit of 5961?
1
What is the hundreds digit of 332?
3
What is the tens digit of 393?
9
What is the units digit of 102?
2
What is the ten thousands digit of 42464?
4
What is the thousands digit of 18288?
8
What is the thousands digit of 1740?
1
What is the units digit of 27130?
0
What is the hundreds digit of 16192?
1
What is the tens digit of 559?
5
What is the thousands digit of 1489?
1
What is the thousands digit of 5442?
5
What is the hundreds digit of 39192?
1
What is the tens digit of 32947?
4
What is the tens digit of 26070?
7
What is the units digit of 2386?
6
What is the hundreds digit of 2385?
3
What is the units digit of 2242?
2
What is the tens digit of 11582?
8
What is the ten thousands digit of 10543?
1
What is the units digit of 1321?
1
What is the hundreds digit of 1439?
4
What is the ten thousands digit of 10438?
1
What is the thousands digit of 1711?
1
What is the units digit of 8551?
1
What is the hundreds digit of 845?
8
What is the thousands digit of 2717?
2
What is the tens digit of 373?
7
What is the thousands digit of 175693?
5
What is the hundreds digit of 912?
9
What is the thousands digit of 2386?
2
What is the units digit of 27016?
6
What is the hundreds digit of 9331?
3
What is the ten thousands digit of 26054?
2
What is the hundreds digit of 2986?
9
What is the thousands digit of 4592?
4
What is the units digit of 4163?
3
What is the thousands digit of 125683?
5
What is the hundreds digit of 2589?
5
What is the thousands digit of 12733?
2
What is the hundreds digit of 46333?
3
What is the units digit of 5480?
0
What is the units digit of 1127?
7
What is the tens digit of 6183?
8
What is the units digit of 22314?
4
What is the units digit of 833?
3
What is the units digit of 340?
0
What is the thousands digit of 10095?
0
What is the thousands digit of 78842?
8
What is the tens digit of 29073?
7
What is the units digit of 1757?
7
What is the thousands digit of 71449?
1
What is the units digit of 59499?
9
What is the tens digit of 6696?
9
What is the tens digit of 56?
5
What is the hundreds digit of 5388?
3
What is the thousands digit of 116888?
6
What is the tens digit of 1494?
9
What is the hundred thousands digit of 119288?
1
What is the hundreds digit of 281?
2
What is the hundreds digit of 252?
2
What is the units digit of 97504?
4
What is the tens digit of 2475?
7
What is the thousands digit of 1667?
1
What is the hundreds digit of 824?
8
What is the units digit of 540?
0
What is the units digit of 3430?
0
What is the units digit of 3990?
0
What is the tens digit of 5498?
9
What is the thousands digit of 155720?
5
What is the ten thousands digit of 23456?
2
What is the hundreds digit of 32947?
9
What is the hundreds digit of 12937?
9
What is the units digit of 4674?
4
What is the units digit of 5804?
4
What is the units digit of 7599?
9
What is the units digit of 1314?
4
What is the units digit of 7282?
2
What is the tens digit of 1542?
4
What is the tens digit of 2415?
1
What is the units digit of 767?
7
What is the thousands digit of 1910?
1
What is the tens digit of 6469?
6
What is the units digit of 453?
3
What is the units digit of 193?
3
What is the ten thousands digit of 14521?
1
What is the hundreds digit of 638?
6
What is the hundreds digit of 80891?
8
What is the units digit of 806?
6
What is the ten thousands digit of 46304?
4
What is the units digit of 2700?
0
What is the units digit of 22991?
1
What is the thousands digit of 6223?
6
What is the ten thousands digit of 55844?
5
What is the hundreds digit of 825?
8
What is the units digit of 22729?
9
What is the tens digit of 635?
3
What is the tens digit of 13242?
4
What is the units digit of 1984?
4
What is the units digit of 3878?
8
What is the hundreds digit of 150042?
0
What is the units digit of 7093?
3
What is the thousands digit of 6438?
6
What is the thousands digit of 1822?
1
What is the hundreds digit of 2061?
0
What is the thousands digit of 34140?
4
What is the hundreds digit of 3756?
7
What is the tens digit of 7502?
0
What is the thousands digit of 5576?
5
What is the units digit of 32336?
6
What is the hundreds digit of 24900?
9
What is the hundreds digit of 188?
1
What is the units digit of 4202?
2
What is the hundreds digit of 1794?
7
What is the thousands digit of 13014?
3
What is the tens digit of 3835?
3
What is the 